10
Calculate the remainder when 30322411 is divided by 503.
62
What is the remainder when 1159423 is divided by 39979?
32
What is the remainder when 37423 is divided by 11997?
1432
What is the remainder when 159023 is divided by 30748?
5283
Calculate the remainder when 6507694 is divided by 360.
334
Calculate the remainder when 2218178 is divided by 133.
4
What is the remainder when 821441 is divided by 24876?
533
What is the remainder when 2333952 is divided by 615?
27
Calculate the remainder when 18062917 is divided by 22.
15
Calculate the remainder when 47545874 is divided by 398.
396
What is the remainder when 44561 is divided by 14285?
1706
What is the remainder when 1052000 is divided by 525931?
138
Calculate the remainder when 298887725 is divided by 21.
17
Calculate the remainder when 2728633 is divided by 272861.
23
Calculate the remainder when 2047714 is divided by 180.
34
What is the remainder when 308414294 is divided by 545866?
4
What is the remainder when 4230080 is divided by 30432?
32
What is the remainder when 229815 is divided by 1999?
1929
What is the remainder when 1355711 is divided by 701?
678
Calculate the remainder when 53160821 is divided by 54.
35
Calculate the remainder when 1438690 is divided by 110668.
6
What is the remainder when 20644753 is divided by 26?
25
What is the remainder when 7417002 is divided by 24?
18
Calculate the remainder when 6854577 is divided by 856822.
1
What is the remainder when 157342 is divided by 1622?
8
What is the remainder when 6539815 is divided by 503059?
48
What is the remainder when 174284 is divided by 2526?
2516
What is the remainder when 1689832 is divided by 45671?
5
What is the remainder when 6564958 is divided by 226?
110
Calculate the remainder when 35042915 is divided by 5979.
5975
What is the remainder when 27896 is divided by 26849?
1047
Calculate the remainder when 81412 is divided by 5418.
142
What is the remainder when 3084524 is divided by 616903?
9
Calculate the remainder when 15279839 is divided by 3379.
1
Calculate the remainder when 8081367 is divided by 7682.
7585
What is the remainder when 6589743 is divided by 210?
153
What is the remainder when 359762 is divided by 248?
162
Calculate the remainder when 152995 is divided by 4661.
3843
What is the remainder when 308856 is divided by 102948?
12
What is the remainder when 76953 is divided by 222?
141
Calculate the remainder when 8222992 is divided by 254.
250
What is the remainder when 30302044 is divided by 481?
6
Calculate the remainder when 295031818 is divided by 6878.
8
What is the remainder when 14952720 is divided by 26?
16
What is the remainder when 756395 is divided by 529?
454
What is the remainder when 1922268 is divided by 5604?
96
What is the remainder when 1334986 is divided by 611?
562
What is the remainder when 476587 is divided by 158855?
22
Calculate the remainder when 22425141 is divided by 85592.
37
Calculate the remainder when 6473309 is divided by 552.
5
Calculate the remainder when 227822 is divided by 45555.
47
What is the remainder when 3942695 is divided by 5?
0
Calculate the remainder when 5715299 is divided by 571529.
9
What is the remainder when 316354 is divided by 79078?
42
What is the remainder when 4352734 is divided by 646?
632
What is the remainder when 400416248 is divided by 130?
128
What is the remainder when 3438503 is divided by 10885?
9728
Calculate the remainder when 823289 is divided by 26.
25
What is the remainder when 62490 is divided by 62467?
23
What is the remainder when 8733980 is divided by 1429?
1361
Calculate the remainder when 2013174 is divided by 143792.
86
Calculate the remainder when 11323799 is divided by 323537.
4
What is the remainder when 2439273 is divided by 2439200?
73
What is the remainder when 39024754 is divided by 9756183?
22
What is the remainder when 267005 is divided by 3771?
3035
Calculate the remainder when 310132 is divided by 193.
174
What is the remainder when 19823139 is divided by 41471?
1
What is the remainder when 483973 is divided by 80647?
91
What is the remainder when 4461544 is divided by 676?
620
Calculate the remainder when 9621712 is divided by 61.
60
Calculate the remainder when 38290510 is divided by 64.
14
What is the remainder when 6474541 is divided by 251?
247
Calculate the remainder when 12641271 is divided by 463.
445
Calculate the remainder when 778674 is divided by 80.
34
Calculate the remainder when 3634055 is divided by 358.
355
What is the remainder when 203153 is divided by 250?
153
Calculate the remainder when 54961803 is divided by 389.
382
Calculate the remainder when 91084240 is divided by 4554212.
0
Calculate the remainder when 144133 is divided by 4382.
3909
Calculate the remainder when 7572553 is divided by 270438.
289
What is the remainder when 111995473 is divided by 42?
37
Calculate the remainder when 78586 is divided by 8729.
25
What is the remainder when 3496049 is divided by 2294?
2287
Calculate the remainder when 2356207 is divided by 1224.
7
Calculate the remainder when 234816 is divided by 78246.
78
Calculate the remainder when 1016666 is divided by 585.
521
Calculate the remainder when 166145 is divided by 55230.
455
Calculate the remainder when 26241 is divided by 3682.
467
Calculate the remainder when 43197896 is divided by 310776.
32
Calculate the remainder when 2143110 is divided by 306152.
46
What is the remainder when 7809753 is divided by 6449?
14
Calculate the remainder when 3841792 is divided by 480189.
280
Calculate the remainder when 23894823 is divided by 1542.
1533
What is the remainder when 265535 is divided by 3792?
95
What is the remainder when 114406257 is divided by 255?
252
What is the remainder when 322365482 is divided by 80591368?
10
Calculate the remainder when 343969506 is divided by 1006.
1004
Calculate the remainder when 40109 is divided by 113.
107
Calculate the remainder when 53128 is divided by 46883.
6245
Calculate the remainder when 6499908 is divided by 371.
359
Calculate the remainder when 199600 is divided by 2420.
1160
Calculate the remainder when 8303597 is divided by 129.
125
Calculate the remainder when 1540053 is divided by 192503.
29
Calculate the remainder when 234088 is divided by 234043.
45
Calculate the remainder when 71272384 is divided by 15.
4
Calculate the remainder when 1719254 is divided by 72.
38
Calculate the remainder when 293792 is divided by 146888.
16
What is the remainder when 818359 is divided by 10584?
3391
What is the remainder when 66537429 is divided by 5226?
5223
What is the remainder when 68025 is divided by 16824?
729
What is the remainder when 24771303 is divided by 53?
4
What is the remainder when 1032730 is divided by 518?
356
Calculate the remainder when 2155018 is divided by 25.
18
Calculate the remainder when 8638878 is divided by 1439813.
0
What is the remainder when 151740 is divided by 504?
36
What is the remainder when 124920 is divided by 1159?
907
What is the remainder when 118774 is divided by 95?
24
Calculate the remainder when 3749222 is divided by 69430.
2
Calculate the remainder when 431906 is divided by 943.
12
What is the remainder when 114326 is divided by 8142?
338
Calculate the remainder when 44563268 is divided by 2345435.
3
What is the remainder when 7848156 is divided by 3716?
3680
What is the remainder when 8778543 is divided by 6?
3
What is the remainder when 1096773 is divided by 274097?
385
What is the remainder when 2058079 is divided by 7171?
2
What is the remainder when 18673926 is divided by 1974?
1860
What is the remainder when 6906 is divided by 398?
140
Calculate the remainder when 6996254 is divided by 1165985.
344
Calculate the remainder when 1039881 is divided by 579.
576
Calculate the remainder when 16930490 is divided by 2238.
20
What is the remainder when 27547547 is divided by 204?
203
What is the remainder when 115847720 is divided by 115847714?
6
Calculate the remainder when 1113981 is divided by 112.
29
What is the remainder when 7418886 is divided by 124?
90
Calculate the remainder when 168817 is divided by 24040.
537
What is the remainder when 134050525 is divided by 44683506?
7
What is the remainder when 895253 is divided by 1139?
1138
Calculate the remainder when 74365490 is divide